s 31 - 556?
-525
In base 11, what is -1a9 - -1478?
127a
In base 8, what is -12 - -44557?
44545
In base 5, what is 113400 - 23?
113322
In base 2, what is 10000111101101 - -101100?
10001000011001
In base 4, what is 213112 - -12?
213130
In base 6, what is 1 - -3314?
3315
In base 12, what is -16 - 22711?
-22727
In base 16, what is 3a973 + 1?
3a974
In base 11, what is 153 - -40?
193
In base 5, what is -121404241 - -1?
-121404240
In base 11, what is 59795 + -4?
59791
In base 7, what is 3212 + -212?
3000
In base 10, what is -100 - 965?
-1065
In base 12, what is -106472 - b?
-106481
In base 11, what is 3 - aa37?
-aa34
In base 13, what is 0 - 239697?
-239697
In base 4, what is 10232012 + 23?
10232101
In base 7, what is 55116 + 4?
55123
In base 5, what is -4 - -4442433?
4442424
In base 11, what is 24251 + 1?
24252
In base 14, what is -66c - 29?
-697
In base 13, what is 15 + -3960?
-3948
In base 7, what is -1501 - -413?
-1055
In base 16, what is f49f + -f?
f490
In base 13, what is 32b6b6 - 2?
32b6b4
In base 13, what is 1036 + -63?
ca3
In base 2, what is 1011101000011 + -1011011000?
1010001101011
In base 6, what is -2004325 - -10?
-2004315
In base 4, what is 211103210 - -101?
211103311
In base 3, what is -1112201011 + 0?
-1112201011
In base 3, what is -2 - 10211000000?
-10211000002
In base 8, what is 1 + 162056?
162057
In base 2, what is 111010010000111 + -1?
111010010000110
In base 13, what is -298 - 49c?
-767
In base 4, what is -10 - 10103233302?
-10103233312
In base 4, what is -202020 + -1?
-202021
In base 4, what is 1021 + -30001?
-22320
In base 6, what is 41352 - -23?
41415
In base 5, what is -10 - 22300244?
-22300304
In base 5, what is -1331 + -410?
-2241
In base 2, what is 100000011 + -101101?
11010110
In base 11, what is 32686 + -1?
32685
In base 14, what is 9 - -5a2b0?
5a2b9
In base 2, what is 10100 + 10111010000110?
10111010011010
In base 15, what is 2 - -97545?
97547
In base 5, what is 233424231 + 10?
233424241
In base 7, what is 24421 + -15?
24403
In base 14, what is 43 - 8295?
-8252
In base 3, what is 100101 + 1?
100102
In base 3, what is 220011 + -12221222?
-12001211
In base 14, what is -1ad2 - b5?
-1ba7
In base 3, what is 22010202201 - 10?
22010202121
In base 9, what is 2772 + -6?
2765
In base 9, what is -4063 - -1501?
-2462
In base 4, what is -31310 + 31?
-31213
In base 3, what is 10220211210 - 102?
10220211101
In base 2, what is 110100110011101000110 + 100?
110100110011101001010
In base 10, what is 1 - 190742?
-190741
In base 5, what is -104231423 + 4?
-104231414
In base 16, what is -9f - -77?
-28
In base 10, what is 877024 - 1?
877023
In base 5, what is 404444 + 0?
404444
In base 12, what is -1 + 99a?
999
In base 10, what is -12 + -9169?
-9181
In base 11, what is 4 + -a8942?
-a8939
In base 2, what is -1000000010 + 1000?
-111111010
In base 3, what is 110001112 - 1?
110001111
In base 3, what is -1110220 + -2212?
-1120202
In base 13, what is 3 - -8a376?
8a379
In base 11, what is -10839 - 9?
-10847
In base 12, what is -9b629 + 1?
-9b628
In base 5, what is -10 + -11112434?
-11112444
In base 13, what is -3 - -301b6?
301b3
In base 11, what is 0 - -133820?
133820
In base 12, what is 211 + 64?
275
In base 9, what is 6 - -1172?
1178
In base 2, what is -1101 - 1101100101100011?
-1101100101110000
In base 6, what is 22234 - -22?
22300
In base 13, what is 10b - -119?
227
In base 15, what is 39b578 + 3?
39b57b
In base 16, what is -3 + -a7a7f?
-a7a82
In base 4, what is -101 + 3213202?
3213101
In base 8, what is 2715 + 15?
2732
In base 10, what is -65 + 6392?
6327
In base 10, what is 19351 + -4?
19347
In base 12, what is -5 + -1312b6?
-1312bb
In base 10, what is -1 - -29404?
29403
In base 10, what is 16 - 22298?
-22282
In base 8, what is 264 + -405?
-121
In base 16, what is -e56 - 2?
-e58
In base 5, what is 110 + 4002130?
4002240
In base 14, what is -11 + ba6?
b95
In base 9, what is -162578 + -3?
-162582
In base 13, what is 1a66a0 - -2?
1a66a2
In base 8, what is 464 + -2577?
-2113
In base 16, what is 22 + -5b?
-39
In base 8, what is 3 + -160470?
-160465
In base 3, what is -1002110222 + 11?
-1002110211
In base 12, what is 1321 - -7?
1328
In base 8, what is 20 + -123517?
-123477
In base 5, what is 1 - -1142001?
1142002
In base 12, what is 5a2 + 19?
5bb
In base 8, what is -557532 - 2?
-557534
In base 11, what is 551 - 55?
4a7
In base 14, what is a2 - 42?
60
In base 6, what is -334 - 255544?
-300322
In base 12, what is -2a + -11a26?
-11a54
In base 15, what is -49 + 40?
-9
In base 14, what is 42b0b - 4?
42b07
In base 16, what is 33af - -39?
33e8
In base 5, what is -300110 - 101?
-300211
In base 7, what is -136 - 2013?
-2152
In base 14, what is -328d - 3?
-3292
In base 5, what is 12 - -14013?
14030
In base 15, what is 4e - d66?
-d17
In base 4, what is -2 + 1001212001?
1001211333
In base 15, what is -5 + 20c82?
20c7c
In base 5, what is -4 - -3340403?
3340344
In base 4, what is 112222021 - 30?
112221331
In base 16, what is -d6d5 + -4?
-d6d9
In base 6, what is -230451 + 101?
-230350
In base 4, what is 231031 + 2211?
233302
In base 8, what is -1 + -13326?
-13327
In base 15, what is ade4 + 47?
ae3b
In base 12, what is -3 - -40250?
40249
In base 13, what is 42cc1 + 8?
42cc9
In base 2, what is -1011100001 + 1010011100?
-1000101
In base 8, what is -457 + 151?
-306
In base 6, what is -140 - 34525?
-35105
In base 16, what is -173f + -1?
-1740
In base 7, what is -5 - 411125?
-411133
In base 3, what is 12 - 2121020011?
-2121012222
In base 2, what is -101000 - -10000101000?
10000000000
In base 14, what is -1b - 2828?
-2845
In base 10, what is 1516 - 5?
1511
In base 9, what is 1847 + -14?
1833
In base 4, what is -210213 + -3300?
-220113
In base 2, what is -111000 - 110010110?
-111001110
In base 14, what is -16c - 263?
-3d1
In base 14, what is -3b45d + -3?
-3b462
In base 6, what is 31 + 2311?
2342
In base 3, what is 10 - -120121211001?
120121211011
In base 3, what is 100222200210 + 1?
100222200211
In base 5, what is 302 - 12014?
-11212
In base 7, what is -3221 + -264?
-3515
In base 8, what is 45262 - -3?
45265
In base 16, what is -cf6 - 3?
-cf9
In base 13, what is 8 - -2512?
251a
In base 2, what is 101 + -10100000110010?
-10100000101101
In base 3, what is 1122112202121 - -12?
1122112202210
In base 3, what is 21 - -22202120?
22202211
In base 10, what is -22450 - 5?
-22455
In base 16, what is -43 - -24e2?
249f
In base 5, what is 24 - 312013?
-311434
In base 8, what is -101 - -5352?
5251
In base 8, what is -4302 + 15?
-4265
In base 11, what is 10a816 - -5?
10a820
In base 11, what is 111 - 2229?
-2118
In base 6, what is 5 + -3210445?
-3210440
In base 2, what is 101000010011001 - 11111?
101000001111010
In base 3, what is -1102012101012 + 2?
-1102012101010
In base 10, what is 5 - -553682?
553687
In base 7, what is -1342530 - 0?
-1342530
In base 5, what is 21202 - 131?
21021
In base 5, what is 134 + -1201021?
-1200332
In base 6, what is 10 + -30342?
-30332
In base 4, what is -3 - 2111311?
-2111320
In base 2, what is 1001 - -101000101?
101001110
In base 9, what is 43 + 16772?
16825
In base 15, what is 0 + 71032?
71032
In base 8, what is -1412 - -430?
-762
In base 13, what is 1 + 27a59?
27a5a
In base 5, what is -3 + 332211?
332203
In base 7, what is 25564 + 1144?
30041
In base 16, what is -3 - -56ee?
56eb
In base 3, what is -221012 + 121?
-220121
In base 9, what is -428774 + 17?
-428756
In base 4, what is -113 + 133101?
132322
In base 15, what is 53 + -2b3a?
-2ad7
In base 3, what is -2 + -2202010?
-2202012
In base 13, what is -227 + -2033?
-225a
In base 14, what is 1d + 6d?
8c
In base 13, what is -3 + 194217?
194214
In base 7, what is -3150 + -1336?
-4516
In base 14, what is 6 + -8640?
-8638
In base 3, what is 102000121210211 + 1?
102000121210212
In base 6, what is 11 + 502522?
502533
In base 4, what is -33222 + 110332?
11110
In base 2, what is -110 - -1000101010000?
1000101001010
In base 8, what is -1 - -5171?
5170
In base 16, what is -48d6 - -2?
-48d4
In base 3, what is 102221212120 - -2?
102221212122
In base 5, what is 440032 - 1?
440031
In base 7, what is 114 + -316?
-202
In base 12, what is abb + -86?
a35
In base 8, what is -131730 - -3?
-131725
In base 9, what is -80 + 18511?
18421
In base 7, what is -1 + 1313624?
1313623
In base 7, what is 14 - -252120?
252134
In base 11,